{"id":153,"date":"2020-08-08T13:33:08","date_gmt":"2020-08-08T13:33:08","guid":{"rendered":"http:\/\/meditationsaintetienne.home.blog\/?page_id=153"},"modified":"2022-06-28T07:12:15","modified_gmt":"2022-06-28T07:12:15","slug":"loka-de-saint-etienne","status":"publish","type":"page","link":"https:\/\/www.meditation-saint-etienne.fr\/","title":{"rendered":"M\u00e9ditation \u00e0 Saint-Etienne"},"content":{"rendered":"\n<figure class=\"wp-block-image is-resized\"><img loading=\"lazy\" decoding=\"async\" src=\"https:\/\/image.posterlounge.fr\/img\/products\/410000\/401553\/401553_poster_l.jpg\" alt=\"Posters et tableaux de \u00ab Chemin dans les collines en \u00e9t\u00e9 \u00bb d'Andreas  Wonisch | Posterlounge\" width=\"675\" height=\"511\"\/><\/figure>\n\n\n\n<h2 class=\"has-text-align-center wp-block-heading\" id=\"welcome\">Bienvenue !<\/h2>\n\n\n\n<p><\/p>\n\n\n\n<p><\/p>\n\n\n\n<p><\/p>\n\n\n\n<p><\/p>\n\n\n\n<p>Le&nbsp;<a href=\"https:\/\/www.buddha.university\/campus\/pratiquer-en-ville\/les-sanghas-lokas\/\">Loka&nbsp;<\/a>de Saint-Etienne est une association qui a pour&nbsp;vocation de fournir une structure pour l\u2019enseignement, l\u2019\u00e9tude et la pratique de la m\u00e9ditation :<\/p>\n\n\n\n<p>La m\u00e9ditation d\u00e9veloppe un mieux-\u00eatre personnel, une plus grande ouverture aux autres par une meilleure connaissance de soi et de la r\u00e9alit\u00e9.<\/p>\n\n\n\n<p>C\u2019est une pratique de pleine pr\u00e9sence, pleine conscience, qui se vit ici et maintenant.<\/p>\n\n\n\n<p>La pleine pr\u00e9sence-pleine conscience (mindfulness en anglais) est un \u00e9tat d\u2019attention \u00e0 l\u2019instant pr\u00e9sent, ici et maintenant. C\u2019est l\u2019\u00e9tat d\u2019ouverture \u00e0 vivre la r\u00e9alit\u00e9 telle qu\u2019elle est, libre de jugement.<\/p>\n\n\n\n<p>Cet \u00e9tat naturel inh\u00e9rent \u00e0 la nature humaine n\u2019appartient \u00e0 aucune tradition particuli\u00e8re, c\u2019est une exp\u00e9rience naturelle et universelle.<\/p>\n\n\n\n<p>L\u2019approche de la pleine pr\u00e9sence, dans sa m\u00e9thode et son application, nous permet de retrouver cet \u00e9tat naturel, ouvert, lucide et empathique. Elle peut nous permettre de nous red\u00e9couvrir et, par l\u00e0-m\u00eame, de red\u00e9couvrir l\u2019exp\u00e9rience du monde dans lequel nous vivons.<\/p>\n\n\n\n<p>Le  Sangha Loka de Saint-Etienne fait partie des Lokas affili\u00e9s \u00e0 l&rsquo; IBU (International Buddha University) qui est \u00e0 la fois un centre d&rsquo;\u00e9tude du Bouddhisme et de la Pleine Pr\u00e9sence. Liens vers le site : <a href=\"https:\/\/www.pleinepresence.net\/\">https:\/\/www.pleinepresence.net<\/a><\/p>\n","protected":false},"excerpt":{"rendered":"<p>Bienvenue ! Le&nbsp;Loka&nbsp;de Saint-Etienne est une association qui a pour&nbsp;vocation de fournir une structure pour l\u2019enseignement, l\u2019\u00e9tude et la pratique de la m\u00e9ditation : La m\u00e9ditation d\u00e9veloppe un mieux-\u00eatre personnel, une plus grande ouverture aux autres par une meilleure connaissance de soi et de la r\u00e9alit\u00e9. C\u2019est une pratique de pleine pr\u00e9sence, pleine conscience, qui [&hellip;]<\/p>\n","protected":false},"author":2,"featured_media":0,"parent":0,"menu_order":1,"comment_status":"closed","ping_status":"closed","template":"","meta":{"footnotes":""},"class_list":["post-153","page","type-page","status-publish","hentry"],"_links":{"self":[{"href":"https:\/\/www.meditation-saint-etienne.fr\/index.php?rest_route=\/wp\/v2\/pages\/153","targetHints":{"allow":["GET"]}}],"collection":[{"href":"https:\/\/www.meditation-saint-etienne.fr\/index.php?rest_route=\/wp\/v2\/pages"}],"about":[{"href":"https:\/\/www.meditation-saint-etienne.fr\/index.php?rest_route=\/wp\/v2\/types\/page"}],"author":[{"embeddable":true,"href":"https:\/\/www.meditation-saint-etienne.fr\/index.php?rest_route=\/wp\/v2\/users\/2"}],"replies":[{"embeddable":true,"href":"https:\/\/www.meditation-saint-etienne.fr\/index.php?rest_route=%2Fwp%2Fv2%2Fcomments&post=153"}],"version-history":[{"count":9,"href":"https:\/\/www.meditation-saint-etienne.fr\/index.php?rest_route=\/wp\/v2\/pages\/153\/revisions"}],"predecessor-version":[{"id":467,"href":"https:\/\/www.meditation-saint-etienne.fr\/index.php?rest_route=\/wp\/v2\/pages\/153\/revisions\/467"}],"wp:attachment":[{"href":"https:\/\/www.meditation-saint-etienne.fr\/index.php?rest_route=%2Fwp%2Fv2%2Fmedia&parent=153"}],"curies":[{"name":"wp","href":"https:\/\/api.w.org\/{rel}","templated":true}]}}