{"id":189,"date":"2020-08-10T13:56:02","date_gmt":"2020-08-10T13:56:02","guid":{"rendered":"http:\/\/meditationsaintetienne.home.blog\/?page_id=189"},"modified":"2023-11-22T11:15:50","modified_gmt":"2023-11-22T11:15:50","slug":"qui-sommes-nous","status":"publish","type":"page","link":"https:\/\/www.meditation-saint-etienne.fr\/?page_id=189","title":{"rendered":"Qui sommes-nous?"},"content":{"rendered":"\n<figure class=\"wp-block-image size-large\"><img loading=\"lazy\" decoding=\"async\" width=\"1024\" height=\"464\" src=\"https:\/\/www.meditation-saint-etienne.fr\/wp-content\/uploads\/2020\/09\/00-la-foret-de-troncais-dans-l-allier-1024x464.jpg\" alt=\"\" class=\"wp-image-331\" srcset=\"https:\/\/www.meditation-saint-etienne.fr\/wp-content\/uploads\/2020\/09\/00-la-foret-de-troncais-dans-l-allier-1024x464.jpg 1024w, https:\/\/www.meditation-saint-etienne.fr\/wp-content\/uploads\/2020\/09\/00-la-foret-de-troncais-dans-l-allier-300x136.jpg 300w, https:\/\/www.meditation-saint-etienne.fr\/wp-content\/uploads\/2020\/09\/00-la-foret-de-troncais-dans-l-allier-768x348.jpg 768w, https:\/\/www.meditation-saint-etienne.fr\/wp-content\/uploads\/2020\/09\/00-la-foret-de-troncais-dans-l-allier-624x283.jpg 624w, https:\/\/www.meditation-saint-etienne.fr\/wp-content\/uploads\/2020\/09\/00-la-foret-de-troncais-dans-l-allier.jpg 1170w\" sizes=\"auto, (max-width: 1024px) 100vw, 1024px\" \/><\/figure>\n\n\n\n<h1 class=\"wp-block-heading\">L&rsquo;association:<\/h1>\n\n\n\n<p>Le <a href=\"https:\/\/www.buddha.university\/campus\/pratiquer-en-ville\/les-sanghas-lokas\/\">Loka<\/a> est un cercle de personnes ouvert \u00e0 tous qui pratique la m\u00e9ditation, la pleine<br>pr\u00e9sence de fa\u00e7on la\u00efque. Il est rattach\u00e9 \u00e0 la communaut\u00e9 Rimay et s\u2019inspire  de la tradition du Bouddha tout en restant hors de toute religion.<\/p>\n\n\n\n<p>Le <a href=\"https:\/\/www.buddha.university\/campus\/pratiquer-en-ville\/les-sanghas-lokas\/\">Loka<\/a> de Saint-Etienne a \u00e9t\u00e9 accr\u00e9dit\u00e9 en 2011 par Denys Rinpoch\u00e9 qui est le Sup\u00e9rieur de la Communaut\u00e9 Rimay International, un r\u00e9seau de pratiquants bouddhistes fond\u00e9 en 1979 et reconnu par le gouvernement fran\u00e7ais en 1994. H\u00e9ritier d\u2019une des principales traditions du bouddhisme tib\u00e9tain, il a pass\u00e9 toute sa vie \u00e0 pratiquer les enseignements du Bouddha, re\u00e7u de son maitre Kalu Rangjung K\u00fcnchab (1904-1989). Depuis plus de trente ans il transmet l\u2019essence de ces enseignements au sein de la soci\u00e9t\u00e9 occidentale contemporaine. Ces ann\u00e9es d\u2019exp\u00e9rience l\u2019ont conduit \u00e0 d\u00e9velopper le protocole d\u2019Open Mindfulness Training pour r\u00e9pondre aux besoins de nos soci\u00e9t\u00e9s contemporaines. Humaniste engag\u00e9, anciennement pr\u00e9sident de l\u2019Union Europ\u00e9enne Bouddhiste, il travaille pour le d\u00e9veloppement d\u2019une soci\u00e9t\u00e9 harmonieuse et humaniste, dans ses dimensions \u00e9cologique et \u00e9conomiques.<\/p>\n\n\n\n<div class=\"wp-block-button is-style-default\"><a class=\"wp-block-button__link has-luminous-vivid-orange-background-color has-background wp-element-button\" href=\"#\">Les<strong> facilitateurs <\/strong>de pratique<\/a><\/div>\n\n\n\n<div style=\"height:32px\" aria-hidden=\"true\" class=\"wp-block-spacer\"><\/div>\n\n\n\n<div class=\"wp-block-columns alignwide is-layout-flex wp-container-core-columns-is-layout-9d6595d7 wp-block-columns-is-layout-flex\">\n<div class=\"wp-block-column is-layout-flow wp-block-column-is-layout-flow\">\n<h4 class=\"wp-block-heading has-text-align-center\">Jacques Vignon<\/h4>\n\n\n\n<figure class=\"wp-block-image size-large\"><img decoding=\"async\" src=\"https:\/\/www.meditation-saint-etienne.fr\/wp-content\/uploads\/2020\/08\/yonten-1.jpg?w=1024\" alt=\"\" class=\"wp-image-260\"\/><\/figure>\n\n\n\n<p>Apr\u00e8s une retraite traditionnelle de 3 ans et 3 mois, Jacques a choisi de guider \u00e0 son tour des pratiquants dans la tradition du Bouddha, avant de se former en tant que facilitateur de pleine pr\u00e9sence. Egalement accompagnant les personnes en fin de vie au CHU de Saint-Etienne<br>Jacques guide les pratiques du jeudi ainsi que les cycles OMT.<\/p>\n<\/div>\n\n\n\n<div class=\"wp-block-column is-layout-flow wp-block-column-is-layout-flow\">\n<h4 class=\"wp-block-heading has-text-align-center\">Andr\u00e9 Fraissenon<\/h4>\n\n\n\n<figure class=\"wp-block-image size-large\"><img loading=\"lazy\" decoding=\"async\" width=\"1280\" height=\"1280\" src=\"https:\/\/www.meditation-saint-etienne.fr\/wp-content\/uploads\/2020\/09\/andre.jpg?w=1024\" alt=\"\" class=\"wp-image-303\" srcset=\"https:\/\/www.meditation-saint-etienne.fr\/wp-content\/uploads\/2020\/09\/andre.jpg 1280w, https:\/\/www.meditation-saint-etienne.fr\/wp-content\/uploads\/2020\/09\/andre-300x300.jpg 300w, https:\/\/www.meditation-saint-etienne.fr\/wp-content\/uploads\/2020\/09\/andre-1024x1024.jpg 1024w, https:\/\/www.meditation-saint-etienne.fr\/wp-content\/uploads\/2020\/09\/andre-150x150.jpg 150w, https:\/\/www.meditation-saint-etienne.fr\/wp-content\/uploads\/2020\/09\/andre-768x768.jpg 768w, https:\/\/www.meditation-saint-etienne.fr\/wp-content\/uploads\/2020\/09\/andre-624x624.jpg 624w\" sizes=\"auto, (max-width: 1280px) 100vw, 1280px\" \/><\/figure>\n\n\n\n<p>Form\u00e9 en tant que facilitateur OMT (Open Mindfulness Training) \u00e0 l&rsquo;\u00e9co-site d&rsquo;Avallon en Savoie.<br>Andr\u00e9 guide les pratiques du mardi, du jeudi ainsi que les cycles OMT.<\/p>\n<\/div>\n\n\n\n<div class=\"wp-block-column is-layout-flow wp-block-column-is-layout-flow\">\n<h4 class=\"wp-block-heading has-text-align-center\"><\/h4>\n<\/div>\n<\/div>\n\n\n\n<div style=\"height:32px\" aria-hidden=\"true\" class=\"wp-block-spacer\"><\/div>\n\n\n\n<hr class=\"wp-block-separator has-css-opacity is-style-wide\"\/>\n\n\n\n<div style=\"height:32px\" aria-hidden=\"true\" class=\"wp-block-spacer\"><\/div>\n\n\n\n<div class=\"wp-block-columns alignwide is-layout-flex wp-container-core-columns-is-layout-9d6595d7 wp-block-columns-is-layout-flex\">\n<div class=\"wp-block-column is-layout-flow wp-block-column-is-layout-flow\"><\/div>\n\n\n\n<div class=\"wp-block-column is-layout-flow wp-block-column-is-layout-flow\"><\/div>\n<\/div>\n\n\n\n<div style=\"height:64px\" aria-hidden=\"true\" class=\"wp-block-spacer\"><\/div>\n\n\n\n<div class=\"wp-block-group alignfull has-background-light-background-color has-background\"><div class=\"wp-block-group__inner-container is-layout-flow wp-block-group-is-layout-flow\">\n<div style=\"height:32px\" aria-hidden=\"true\" class=\"wp-block-spacer\"><\/div>\n\n\n\n<div class=\"wp-block-columns alignwide is-layout-flex wp-container-core-columns-is-layout-9d6595d7 wp-block-columns-is-layout-flex\">\n<div class=\"wp-block-column is-layout-flow wp-block-column-is-layout-flow\"><\/div>\n\n\n\n<div class=\"wp-block-column is-layout-flow wp-block-column-is-layout-flow\"><\/div>\n<\/div>\n\n\n\n<div style=\"height:32px\" aria-hidden=\"true\" class=\"wp-block-spacer\"><\/div>\n<\/div><\/div>\n\n\n\n<p><\/p>\n","protected":false},"excerpt":{"rendered":"<p>L&rsquo;association: Le Loka est un cercle de personnes ouvert \u00e0 tous qui pratique la m\u00e9ditation, la pleinepr\u00e9sence de fa\u00e7on la\u00efque. Il est rattach\u00e9 \u00e0 la communaut\u00e9 Rimay et s\u2019inspire de la tradition du Bouddha tout en restant hors de toute religion. Le Loka de Saint-Etienne a \u00e9t\u00e9 accr\u00e9dit\u00e9 en 2011 par Denys Rinpoch\u00e9 qui est [&hellip;]<\/p>\n","protected":false},"author":2,"featured_media":0,"parent":0,"menu_order":0,"comment_status":"closed","ping_status":"closed","template":"","meta":{"footnotes":""},"class_list":["post-189","page","type-page","status-publish","hentry"],"_links":{"self":[{"href":"https:\/\/www.meditation-saint-etienne.fr\/index.php?rest_route=\/wp\/v2\/pages\/189","targetHints":{"allow":["GET"]}}],"collection":[{"href":"https:\/\/www.meditation-saint-etienne.fr\/index.php?rest_route=\/wp\/v2\/pages"}],"about":[{"href":"https:\/\/www.meditation-saint-etienne.fr\/index.php?rest_route=\/wp\/v2\/types\/page"}],"author":[{"embeddable":true,"href":"https:\/\/www.meditation-saint-etienne.fr\/index.php?rest_route=\/wp\/v2\/users\/2"}],"replies":[{"embeddable":true,"href":"https:\/\/www.meditation-saint-etienne.fr\/index.php?rest_route=%2Fwp%2Fv2%2Fcomments&post=189"}],"version-history":[{"count":6,"href":"https:\/\/www.meditation-saint-etienne.fr\/index.php?rest_route=\/wp\/v2\/pages\/189\/revisions"}],"predecessor-version":[{"id":558,"href":"https:\/\/www.meditation-saint-etienne.fr\/index.php?rest_route=\/wp\/v2\/pages\/189\/revisions\/558"}],"wp:attachment":[{"href":"https:\/\/www.meditation-saint-etienne.fr\/index.php?rest_route=%2Fwp%2Fv2%2Fmedia&parent=189"}],"curies":[{"name":"wp","href":"https:\/\/api.w.org\/{rel}","templated":true}]}}