{"id":336,"date":"2020-09-21T14:25:53","date_gmt":"2020-09-21T14:25:53","guid":{"rendered":"http:\/\/www.meditation-saint-etienne.fr\/?page_id=336"},"modified":"2024-09-01T09:01:26","modified_gmt":"2024-09-01T09:01:26","slug":"actualites-2","status":"publish","type":"page","link":"https:\/\/www.meditation-saint-etienne.fr\/?page_id=336","title":{"rendered":"Actualit\u00e9s"},"content":{"rendered":"\n<p><a href=\"https:\/\/www.meditation-saint-etienne.fr\/?p=495#respond\"><br>Laisser un commentaire<\/a><\/p>\n\n\n\n<blockquote class=\"wp-block-quote is-layout-flow wp-block-quote-is-layout-flow\">\n<p>Pratiquer la pleine pr\u00e9sence, c&rsquo;est vivre heureux et libre, c&rsquo;est cultiver l&rsquo;harmonie du bien-vivre ensemble en \u00e9quilibre avec notre monde. Pratiquer la pleine pr\u00e9sence c&rsquo;est faire du bien \u00e0 soi, aux autres et \u00e0 la plan\u00e8te.<\/p>\n<cite>Denys Rinpoch\u00e9 ( le grand livre de la pleine pr\u00e9sence.)<\/cite><\/blockquote>\n\n\n\n<p class=\"has-dark-gray-color has-light-gray-background-color has-text-color has-background\">Bonjour \u00e0 toutes et tous,<\/p>\n\n\n\n<p>Nous avons la joie d&rsquo;annoncer la reprise de nos activit\u00e9s le jeudi 19 septembre 2024 \u00e0 19h, au Centre Social de Beaulieu.<\/p>\n\n\n\n<p>Bienvenue \u00e0 toutes et tous, que tout soit propice, de tout coeur,<\/p>\n\n\n\n<p>Andr\u00e9 et Jacques<\/p>\n","protected":false},"excerpt":{"rendered":"<p>Laisser un commentaire Pratiquer la pleine pr\u00e9sence, c&rsquo;est vivre heureux et libre, c&rsquo;est cultiver l&rsquo;harmonie du bien-vivre ensemble en \u00e9quilibre avec notre monde. Pratiquer la pleine pr\u00e9sence c&rsquo;est faire du bien \u00e0 soi, aux autres et \u00e0 la plan\u00e8te. Denys Rinpoch\u00e9 ( le grand livre de la pleine pr\u00e9sence.) Bonjour \u00e0 toutes et tous, Nous [&hellip;]<\/p>\n","protected":false},"author":2,"featured_media":0,"parent":0,"menu_order":0,"comment_status":"closed","ping_status":"closed","template":"","meta":{"footnotes":""},"class_list":["post-336","page","type-page","status-publish","hentry"],"_links":{"self":[{"href":"https:\/\/www.meditation-saint-etienne.fr\/index.php?rest_route=\/wp\/v2\/pages\/336","targetHints":{"allow":["GET"]}}],"collection":[{"href":"https:\/\/www.meditation-saint-etienne.fr\/index.php?rest_route=\/wp\/v2\/pages"}],"about":[{"href":"https:\/\/www.meditation-saint-etienne.fr\/index.php?rest_route=\/wp\/v2\/types\/page"}],"author":[{"embeddable":true,"href":"https:\/\/www.meditation-saint-etienne.fr\/index.php?rest_route=\/wp\/v2\/users\/2"}],"replies":[{"embeddable":true,"href":"https:\/\/www.meditation-saint-etienne.fr\/index.php?rest_route=%2Fwp%2Fv2%2Fcomments&post=336"}],"version-history":[{"count":23,"href":"https:\/\/www.meditation-saint-etienne.fr\/index.php?rest_route=\/wp\/v2\/pages\/336\/revisions"}],"predecessor-version":[{"id":563,"href":"https:\/\/www.meditation-saint-etienne.fr\/index.php?rest_route=\/wp\/v2\/pages\/336\/revisions\/563"}],"wp:attachment":[{"href":"https:\/\/www.meditation-saint-etienne.fr\/index.php?rest_route=%2Fwp%2Fv2%2Fmedia&parent=336"}],"curies":[{"name":"wp","href":"https:\/\/api.w.org\/{rel}","templated":true}]}}

Actualités

<p><a href="https://www.meditation-saint-etienne.fr/?p=495#respond"><br>Laisser un commentaire</a></p>



<blockquote class="wp-block-quote is-layout-flow wp-block-quote-is-layout-flow">
<p>Pratiquer la pleine présence, c&rsquo;est vivre heureux et libre, c&rsquo;est cultiver l&rsquo;harmonie du bien-vivre ensemble en équilibre avec notre monde. Pratiquer la pleine présence c&rsquo;est faire du bien à soi, aux autres et à la planète.</p>
<cite>Denys Rinpoché ( le grand livre de la pleine présence.)</cite></blockquote>



<p class="has-dark-gray-color has-light-gray-background-color has-text-color has-background">Bonjour à toutes et tous,</p>



<p>Nous avons la joie d&rsquo;annoncer la reprise de nos activités le jeudi 19 septembre 2024 à 19h, au Centre Social de Beaulieu.</p>



<p>Bienvenue à toutes et tous, que tout soit propice, de tout coeur,</p>



<p>André et Jacques</p>

<p>Laisser un commentaire Pratiquer la pleine présence, c&rsquo;est vivre heureux et libre, c&rsquo;est cultiver l&rsquo;harmonie du bien-vivre ensemble en équilibre avec notre monde. Pratiquer la pleine présence c&rsquo;est faire du bien à soi, aux autres et à la planète. Denys Rinpoché ( le grand livre de la pleine présence.) Bonjour à toutes et tous, Nous [&hellip;]</p>
